{"id":7663,"date":"2019-03-25T12:14:50","date_gmt":"2019-03-25T11:14:50","guid":{"rendered":"http:\/\/bulderplanet.com\/v19\/?page_id=7663"},"modified":"2025-04-08T16:56:37","modified_gmt":"2025-04-08T14:56:37","slug":"escuela-escalada-extraescolares","status":"publish","type":"page","link":"https:\/\/bulderplanet.com\/maresme\/escuela-escalada-extraescolares\/","title":{"rendered":"Escuela escalada \/ Extraescolares"},"content":{"rendered":"<p>[vc_row content_width=&#8221;grid&#8221; angled_shape=&#8221;yes&#8221; css=&#8221;.vc_custom_1553513549613{padding-top: 100px !important;padding-bottom: 100px !important;}&#8221;][vc_column]<div class=\"edgtf-elements-holder edgtf-two-columns edgtf-two-columns-50-50 edgtf-responsive-mode-768\" ><div class=\"edgtf-elements-holder-item \" data-item-class=\"edgtf-elements-holder-custom-842314\" >\n\t\t<div class=\"edgtf-elements-holder-item-inner\">\n\t\t<div class=\"edgtf-elements-holder-item-content edgtf-elements-holder-custom-842314\" >\n\t\t\t[vc_column_text]La escalada se incorpora a las habilidades de los ni\u00f1os a trav\u00e9s de juegos que cambian cada semana. La actividad esta supervisada en todo momento por monitores expertos en escalada y acostumbrados a trabajar con grupos de ni\u00f1os. <strong>SEGURIDAD Y DIVERSION ASEGURADAS.<\/strong><\/p>\n<p>A partir de los 9-10 a\u00f1os, Los juegos son sustituidos por actividad deportiva y un sistema de entrenamiento que les permite progresar, bajo la direcci\u00f3n de un t\u00e9cnico de escalada, y divertirse al mismo tiempo. <strong>SE LO PASAN EN GRANDE AL MISMO TIEMPO QUE HACEN DEPORTE.<\/strong>[\/vc_column_text][vc_empty_space height=&#8221;50px&#8221;]<div class=\"edgtf-iwt clearfix edgtf-iwt-icon-top edgtf-iwt-flip-enabled-no edgtf-iwt-icon-medium\">\n    <div class=\"edgtf-iwt-icon-holder\" >\n                    \n    <span class=\"edgtf-icon-shortcode normal edgtf-icon-medium\"  data-hover-color=\"#ffeb00\" data-color=\"#ffeb00\">\n                    <a href=\"https:\/\/bulderplanet.com\/maresme\/escuela-escalada-extraescolares\/#escuExtra\" target=\"_self\" >\n        \n        <i class=\"edgtf-icon-font-awesome fa fa-arrow-circle-down edgtf-icon-element\" style=\"color: #ffeb00\" ><\/i>\n                    <\/a>\n            <\/span>\n\n            <\/div>\n    <div class=\"edgtf-iwt-content-holder\" >\n        <div class=\"edgtf-iwt-title-holder\">\n            <h5 >M\u00e1s info<\/h5>\n        <\/div>\n        <div class=\"edgtf-iwt-text-holder\">\n            <p ><\/p>\n\n                    <\/div>\n    <\/div>\n<\/div>\t\t<\/div>\n\t<\/div>\n<\/div><div class=\"edgtf-elements-holder-item \" data-item-class=\"edgtf-elements-holder-custom-622418\" >\n\t\t<div class=\"edgtf-elements-holder-item-inner\">\n\t\t<div class=\"edgtf-elements-holder-item-content edgtf-elements-holder-custom-622418\" >\n\t\t\t[vc_single_image image=&#8221;8461&#8243; img_size=&#8221;full&#8221;]\t\t<\/div>\n\t<\/div>\n<\/div><\/div>[\/vc_column][\/vc_row][vc_row content_width=&#8221;grid&#8221; angled_shape=&#8221;yes&#8221; css=&#8221;.vc_custom_1573140683051{padding-top: 150px !important;padding-bottom: 100px !important;background-color: #f4f4f4 !important;}&#8221; el_id=&#8221;escuExtra&#8221;][vc_column]<div class=\"edgtf-elements-holder edgtf-two-columns edgtf-two-columns-50-50 edgtf-responsive-mode-768\" ><div class=\"edgtf-elements-holder-item edgtf-vertical-alignment-top\" data-item-class=\"edgtf-elements-holder-custom-374953\" >\n\t\t<div class=\"edgtf-elements-holder-item-inner\">\n\t\t<div class=\"edgtf-elements-holder-item-content edgtf-elements-holder-custom-374953\" >\n\t\t\t\n<div class=\"edgtf-section-title edgtf-section-align-left\" >\n\tEscuela de escalada\t<\/div>[vc_column_text]<strong>DURACI\u00d3N<\/strong><br \/>\nsesiones 1 hora, 1 o 2 d\u00edas a la semana<br \/>\n<strong>FECHAS<\/strong><br \/>\nSeptiembre a junio, de lunes a viernes<br \/>\n<strong>HORARIOS<\/strong><br \/>\n17.10 y 18:15<br \/>\n<strong>PRECIOS<\/strong><\/p>\n<p>40\u20ac (1 d\u00eda)<br \/>\n60\u20ac (2 d\u00edas)<\/p>\n<p>75\u20ac (3 d\u00edas)<\/p>\n<p>MATR\u00cdCULA: 50 euros[\/vc_column_text]<div class=\"edgtf-separator-holder clearfix  edgtf-separator-left\">\n\t<div class=\"edgtf-separator\" style=\"border-color: #ffeb00\"><\/div>\n<\/div>\n[vc_column_text]<strong>Ni\u00f1os de 9 a 15 a\u00f1os<\/strong><br \/>\nLos objetivos fundamentales de la actividad ser\u00e1n:<br \/>\n&#8211; Introducci\u00f3n y consolidaci\u00f3n en el deporte de la escalada.<br \/>\n&#8211; Mejora de habilidades motrices, conocimiento del propio cuerpo, equilibrio, tonicidad muscular general.<br \/>\n&#8211; Mejora en aspectos psicol\u00f3gicos como el refuerzo positivo de la autoestima, focalizaci\u00f3n de la atenci\u00f3n y concentraci\u00f3n.<br \/>\n&#8211; Fortalecimiento del h\u00e1bito deportivo.<br \/>\n&#8211; Trabajo de tonificaci\u00f3n muscular general y especifica.<br \/>\n&#8211; Socializaci\u00f3n a trav\u00e9s del juego y la actividad f\u00edsica.<\/p>\n<p>Aquellos que quieran dar un paso m\u00e1s en el \u00e1mbito deportivo de la escalada podr\u00e1n incorporarse a nuestro <strong>EQUIPO DE COMPETICI\u00d3N<\/strong> (3 sesiones de entrenamiento semanal, salidas a roca y competiciones).[\/vc_column_text][vc_empty_space height=&#8221;20px&#8221;]<a href=\"https:\/\/bulderplanet.com\/maresme\/inscribete-kids\/\" target=\"_self\" style=\"background-color: #ffeb00\" class=\"edgtf-btn edgtf-btn-large edgtf-btn-solid edgtf-btn-custom-hover-bg edgtf-btn-custom-hover-color\" data-hover-bg-color=\"#6e92b6\" data-hover-color=\"#ffffff\" >\n\t\t\t<span class=\"edgtf-btn-text\">INSCR\u00cdBETE<\/span>\n\t    <\/a>[vc_single_image image=&#8221;9043&#8243; img_size=&#8221;full&#8221; css=&#8221;.vc_custom_1573645703994{padding-top: 20px !important;padding-bottom: 10px !important;}&#8221;]\t\t<\/div>\n\t<\/div>\n<\/div><div class=\"edgtf-elements-holder-item edgtf-vertical-alignment-top\" data-item-class=\"edgtf-elements-holder-custom-960914\" >\n\t\t<div class=\"edgtf-elements-holder-item-inner\">\n\t\t<div class=\"edgtf-elements-holder-item-content edgtf-elements-holder-custom-960914\" >\n\t\t\t\n<div class=\"edgtf-section-title edgtf-section-align-left\" >\n\tExtraescolares\t<\/div>[vc_column_text]<strong>DURACI\u00d3N<\/strong><br \/>\nsesiones 1 hora, 1 o 2 d\u00edas a la semana<br \/>\n<strong>FECHAS<\/strong><br \/>\nSeptiembre a junio, de lunes a viernes<br \/>\n<strong>HORARIOS<\/strong><br \/>\n17:10 y 18.15<br \/>\n<strong>PRECIOS<\/strong><br \/>\n40\u20ac (1 d\u00eda)<br \/>\n60\u20ac (2 d\u00edas)<\/p>\n<p>75\u20ac (3 d\u00edas)<\/p>\n<p>MATR\u00cdCULA: 50 euros[\/vc_column_text]<div class=\"edgtf-separator-holder clearfix  edgtf-separator-left\">\n\t<div class=\"edgtf-separator\" style=\"border-color: #ffeb00\"><\/div>\n<\/div>\n[vc_column_text]<strong>Ni\u00f1os de entre 5 a 8 a\u00f1os<\/strong><br \/>\nLos objetivos fundamentales de la actividad ser\u00e1n:<br \/>\n&#8211; Introducci\u00f3n al deporte de la escalada a trav\u00e9s del juego.<br \/>\n&#8211; Mejora de habilidades motrices, conocimiento del propio cuerpo, equilibrio, tonicidad muscular general.<br \/>\n&#8211; Mejora en aspectos psicol\u00f3gicos como el refuerzo positivo de la autoestima, focalizaci\u00f3n de la atenci\u00f3n y concentraci\u00f3n.<br \/>\n&#8211; Introducci\u00f3n al h\u00e1bito deportivo.<br \/>\n&#8211; Socializaci\u00f3n a trav\u00e9s del juego y la actividad f\u00edsica<br \/>\n&#8211; Y, sobre todo, la diversi\u00f3n de los ni\u00f1os.[\/vc_column_text][vc_empty_space height=&#8221;20px&#8221;]<a href=\"https:\/\/bulderplanet.com\/maresme\/inscribete-kids\/\" target=\"_self\" style=\"background-color: #ffeb00\" class=\"edgtf-btn edgtf-btn-large edgtf-btn-solid edgtf-btn-custom-hover-bg edgtf-btn-custom-hover-color\" data-hover-bg-color=\"#6e92b6\" data-hover-color=\"#ffffff\" >\n\t\t\t<span class=\"edgtf-btn-text\">INSCR\u00cdBETE<\/span>\n\t    <\/a>[vc_single_image image=&#8221;9037&#8243; img_size=&#8221;full&#8221; css=&#8221;.vc_custom_1573645710541{padding-top: 20px !important;}&#8221;]\t\t<\/div>\n\t<\/div>\n<\/div><\/div>[\/vc_column][\/vc_row]<\/p>\n","protected":false},"excerpt":{"rendered":"<p>[vc_row content_width=&#8221;grid&#8221; angled_shape=&#8221;yes&#8221; css=&#8221;.vc_custom_1553513549613{padding-top: 100px !important;padding-bottom: 100px !important;}&#8221;][vc_column][\/vc_column][\/vc_row][vc_row content_width=&#8221;grid&#8221; angled_shape=&#8221;yes&#8221; css=&#8221;.vc_custom_1573140683051{padding-top: 150px !important;padding-bottom: 100px !important;background-color: #f4f4f4 !important;}&#8221; el_id=&#8221;escuExtra&#8221;][vc_column][\/vc_column][\/vc_row]<\/p>\n","protected":false},"author":2,"featured_media":0,"parent":0,"menu_order":0,"comment_status":"closed","ping_status":"closed","template":"full-width.php","meta":[],"yoast_head":"<!-- This site is optimized with the Yoast SEO plugin v15.7 - https:\/\/yoast.com\/wordpress\/plugins\/seo\/ -->\n<title>Escuela escalada \/ Extraescolares - BulderPlanet<\/title>\n<meta name=\"robots\" content=\"index, follow, max-snippet:-1, max-image-preview:large, max-video-preview:-1\" \/>\n<link rel=\"canonical\" href=\"https:\/\/bulderplanet.com\/maresme\/escuela-escalada-extraescolares\/\" \/>\n<meta property=\"og:locale\" content=\"es_ES\" \/>\n<meta property=\"og:type\" content=\"article\" \/>\n<meta property=\"og:title\" content=\"Escuela escalada \/ Extraescolares - BulderPlanet\" \/>\n<meta property=\"og:description\" content=\"[vc_row content_width=&#8221;grid&#8221; angled_shape=&#8221;yes&#8221; css=&#8221;.vc_custom_1553513549613{padding-top: 100px !important;padding-bottom: 100px !important;}&#8221;][vc_column][\/vc_column][\/vc_row][vc_row content_width=&#8221;grid&#8221; angled_shape=&#8221;yes&#8221; css=&#8221;.vc_custom_1573140683051{padding-top: 150px !important;padding-bottom: 100px !important;background-color: #f4f4f4 !important;}&#8221; el_id=&#8221;escuExtra&#8221;][vc_column][\/vc_column][\/vc_row]\" \/>\n<meta property=\"og:url\" content=\"https:\/\/bulderplanet.com\/maresme\/escuela-escalada-extraescolares\/\" \/>\n<meta property=\"og:site_name\" content=\"BulderPlanet\" \/>\n<meta property=\"article:modified_time\" content=\"2025-04-08T14:56:37+00:00\" \/>\n<meta name=\"twitter:card\" content=\"summary_large_image\" \/>\n<meta name=\"twitter:label1\" content=\"Tiempo de lectura\">\n\t<meta name=\"twitter:data1\" content=\"2 minutos\">\n<script type=\"application\/ld+json\" class=\"yoast-schema-graph\">{\"@context\":\"https:\/\/schema.org\",\"@graph\":[{\"@type\":\"WebSite\",\"@id\":\"https:\/\/bulderplanet.com\/maresme\/#website\",\"url\":\"https:\/\/bulderplanet.com\/maresme\/\",\"name\":\"BulderPlanet\",\"description\":\"Roc\\u00f3dromo Matar\\u00f3\",\"potentialAction\":[{\"@type\":\"SearchAction\",\"target\":\"https:\/\/bulderplanet.com\/maresme\/?s={search_term_string}\",\"query-input\":\"required name=search_term_string\"}],\"inLanguage\":\"es\"},{\"@type\":\"WebPage\",\"@id\":\"https:\/\/bulderplanet.com\/maresme\/escuela-escalada-extraescolares\/#webpage\",\"url\":\"https:\/\/bulderplanet.com\/maresme\/escuela-escalada-extraescolares\/\",\"name\":\"Escuela escalada \/ Extraescolares - BulderPlanet\",\"isPartOf\":{\"@id\":\"https:\/\/bulderplanet.com\/maresme\/#website\"},\"datePublished\":\"2019-03-25T11:14:50+00:00\",\"dateModified\":\"2025-04-08T14:56:37+00:00\",\"inLanguage\":\"es\",\"potentialAction\":[{\"@type\":\"ReadAction\",\"target\":[\"https:\/\/bulderplanet.com\/maresme\/escuela-escalada-extraescolares\/\"]}]}]}<\/script>\n<!-- \/ Yoast SEO plugin. -->","_links":{"self":[{"href":"https:\/\/bulderplanet.com\/maresme\/wp-json\/wp\/v2\/pages\/7663"}],"collection":[{"href":"https:\/\/bulderplanet.com\/maresme\/wp-json\/wp\/v2\/pages"}],"about":[{"href":"https:\/\/bulderplanet.com\/maresme\/wp-json\/wp\/v2\/types\/page"}],"author":[{"embeddable":true,"href":"https:\/\/bulderplanet.com\/maresme\/wp-json\/wp\/v2\/users\/2"}],"replies":[{"embeddable":true,"href":"https:\/\/bulderplanet.com\/maresme\/wp-json\/wp\/v2\/comments?post=7663"}],"version-history":[{"count":44,"href":"https:\/\/bulderplanet.com\/maresme\/wp-json\/wp\/v2\/pages\/7663\/revisions"}],"predecessor-version":[{"id":44722,"href":"https:\/\/bulderplanet.com\/maresme\/wp-json\/wp\/v2\/pages\/7663\/revisions\/44722"}],"wp:attachment":[{"href":"https:\/\/bulderplanet.com\/maresme\/wp-json\/wp\/v2\/media?parent=7663"}],"curies":[{"name":"wp","href":"https:\/\/api.w.org\/{rel}","templated":true}]}}

<p>[vc_row content_width=&#8221;grid&#8221; angled_shape=&#8221;yes&#8221; css=&#8221;.vc_custom_1553513549613{padding-top: 100px !important;padding-bottom: 100px !important;}&#8221;][vc_column]<div class="edgtf-elements-holder edgtf-two-columns edgtf-two-columns-50-50 edgtf-responsive-mode-768" ><div class="edgtf-elements-holder-item " data-item-class="edgtf-elements-holder-custom-842314" >
		<div class="edgtf-elements-holder-item-inner">
		<div class="edgtf-elements-holder-item-content edgtf-elements-holder-custom-842314" >
			[vc_column_text]La escalada se incorpora a las habilidades de los niños a través de juegos que cambian cada semana. La actividad esta supervisada en todo momento por monitores expertos en escalada y acostumbrados a trabajar con grupos de niños. <strong>SEGURIDAD Y DIVERSION ASEGURADAS.</strong></p>
<p>A partir de los 9-10 años, Los juegos son sustituidos por actividad deportiva y un sistema de entrenamiento que les permite progresar, bajo la dirección de un técnico de escalada, y divertirse al mismo tiempo. <strong>SE LO PASAN EN GRANDE AL MISMO TIEMPO QUE HACEN DEPORTE.</strong>[/vc_column_text][vc_empty_space height=&#8221;50px&#8221;]<div class="edgtf-iwt clearfix edgtf-iwt-icon-top edgtf-iwt-flip-enabled-no edgtf-iwt-icon-medium">
    <div class="edgtf-iwt-icon-holder" >
                    
    <span class="edgtf-icon-shortcode normal edgtf-icon-medium"  data-hover-color="#ffeb00" data-color="#ffeb00">
                    <a href="https://bulderplanet.com/maresme/escuela-escalada-extraescolares/#escuExtra" target="_self" >
        
        <i class="edgtf-icon-font-awesome fa fa-arrow-circle-down edgtf-icon-element" style="color: #ffeb00" ></i>
                    </a>
            </span>

            </div>
    <div class="edgtf-iwt-content-holder" >
        <div class="edgtf-iwt-title-holder">
            <h5 >Más info</h5>
        </div>
        <div class="edgtf-iwt-text-holder">
            <p ></p>

                    </div>
    </div>
</div>		</div>
	</div>
</div><div class="edgtf-elements-holder-item " data-item-class="edgtf-elements-holder-custom-622418" >
		<div class="edgtf-elements-holder-item-inner">
		<div class="edgtf-elements-holder-item-content edgtf-elements-holder-custom-622418" >
			[vc_single_image image=&#8221;8461&#8243; img_size=&#8221;full&#8221;]		</div>
	</div>
</div></div>[/vc_column][/vc_row][vc_row content_width=&#8221;grid&#8221; angled_shape=&#8221;yes&#8221; css=&#8221;.vc_custom_1573140683051{padding-top: 150px !important;padding-bottom: 100px !important;background-color: #f4f4f4 !important;}&#8221; el_id=&#8221;escuExtra&#8221;][vc_column]<div class="edgtf-elements-holder edgtf-two-columns edgtf-two-columns-50-50 edgtf-responsive-mode-768" ><div class="edgtf-elements-holder-item edgtf-vertical-alignment-top" data-item-class="edgtf-elements-holder-custom-374953" >
		<div class="edgtf-elements-holder-item-inner">
		<div class="edgtf-elements-holder-item-content edgtf-elements-holder-custom-374953" >
			
<div class="edgtf-section-title edgtf-section-align-left" >
	Escuela de escalada	</div>[vc_column_text]<strong>DURACIÓN</strong><br />
sesiones 1 hora, 1 o 2 días a la semana<br />
<strong>FECHAS</strong><br />
Septiembre a junio, de lunes a viernes<br />
<strong>HORARIOS</strong><br />
17.10 y 18:15<br />
<strong>PRECIOS</strong></p>
<p>40€ (1 día)<br />
60€ (2 días)</p>
<p>75€ (3 días)</p>
<p>MATRÍCULA: 50 euros[/vc_column_text]<div class="edgtf-separator-holder clearfix  edgtf-separator-left">
	<div class="edgtf-separator" style="border-color: #ffeb00"></div>
</div>
[vc_column_text]<strong>Niños de 9 a 15 años</strong><br />
Los objetivos fundamentales de la actividad serán:<br />
&#8211; Introducción y consolidación en el deporte de la escalada.<br />
&#8211; Mejora de habilidades motrices, conocimiento del propio cuerpo, equilibrio, tonicidad muscular general.<br />
&#8211; Mejora en aspectos psicológicos como el refuerzo positivo de la autoestima, focalización de la atención y concentración.<br />
&#8211; Fortalecimiento del hábito deportivo.<br />
&#8211; Trabajo de tonificación muscular general y especifica.<br />
&#8211; Socialización a través del juego y la actividad física.</p>
<p>Aquellos que quieran dar un paso más en el ámbito deportivo de la escalada podrán incorporarse a nuestro <strong>EQUIPO DE COMPETICIÓN</strong> (3 sesiones de entrenamiento semanal, salidas a roca y competiciones).[/vc_column_text][vc_empty_space height=&#8221;20px&#8221;]<a href="https://bulderplanet.com/maresme/inscribete-kids/" target="_self" style="background-color: #ffeb00" class="edgtf-btn edgtf-btn-large edgtf-btn-solid edgtf-btn-custom-hover-bg edgtf-btn-custom-hover-color" data-hover-bg-color="#6e92b6" data-hover-color="#ffffff" >
			<span class="edgtf-btn-text">INSCRÍBETE</span>
	    </a>[vc_single_image image=&#8221;9043&#8243; img_size=&#8221;full&#8221; css=&#8221;.vc_custom_1573645703994{padding-top: 20px !important;padding-bottom: 10px !important;}&#8221;]		</div>
	</div>
</div><div class="edgtf-elements-holder-item edgtf-vertical-alignment-top" data-item-class="edgtf-elements-holder-custom-960914" >
		<div class="edgtf-elements-holder-item-inner">
		<div class="edgtf-elements-holder-item-content edgtf-elements-holder-custom-960914" >
			
<div class="edgtf-section-title edgtf-section-align-left" >
	Extraescolares	</div>[vc_column_text]<strong>DURACIÓN</strong><br />
sesiones 1 hora, 1 o 2 días a la semana<br />
<strong>FECHAS</strong><br />
Septiembre a junio, de lunes a viernes<br />
<strong>HORARIOS</strong><br />
17:10 y 18.15<br />
<strong>PRECIOS</strong><br />
40€ (1 día)<br />
60€ (2 días)</p>
<p>75€ (3 días)</p>
<p>MATRÍCULA: 50 euros[/vc_column_text]<div class="edgtf-separator-holder clearfix  edgtf-separator-left">
	<div class="edgtf-separator" style="border-color: #ffeb00"></div>
</div>
[vc_column_text]<strong>Niños de entre 5 a 8 años</strong><br />
Los objetivos fundamentales de la actividad serán:<br />
&#8211; Introducción al deporte de la escalada a través del juego.<br />
&#8211; Mejora de habilidades motrices, conocimiento del propio cuerpo, equilibrio, tonicidad muscular general.<br />
&#8211; Mejora en aspectos psicológicos como el refuerzo positivo de la autoestima, focalización de la atención y concentración.<br />
&#8211; Introducción al hábito deportivo.<br />
&#8211; Socialización a través del juego y la actividad física<br />
&#8211; Y, sobre todo, la diversión de los niños.[/vc_column_text][vc_empty_space height=&#8221;20px&#8221;]<a href="https://bulderplanet.com/maresme/inscribete-kids/" target="_self" style="background-color: #ffeb00" class="edgtf-btn edgtf-btn-large edgtf-btn-solid edgtf-btn-custom-hover-bg edgtf-btn-custom-hover-color" data-hover-bg-color="#6e92b6" data-hover-color="#ffffff" >
			<span class="edgtf-btn-text">INSCRÍBETE</span>
	    </a>[vc_single_image image=&#8221;9037&#8243; img_size=&#8221;full&#8221; css=&#8221;.vc_custom_1573645710541{padding-top: 20px !important;}&#8221;]		</div>
	</div>
</div></div>[/vc_column][/vc_row]</p>
