{"id":7689,"date":"2019-03-25T13:28:07","date_gmt":"2019-03-25T12:28:07","guid":{"rendered":"https:\/\/bulderplanet.com\/valles\/v19\/?page_id=7689"},"modified":"2019-04-08T18:11:49","modified_gmt":"2019-04-08T16:11:49","slug":"bulder","status":"publish","type":"page","link":"https:\/\/bulderplanet.com\/valles\/bulder\/","title":{"rendered":"Tu roc\u00f3dromo en matar\u00f3"},"content":{"rendered":"<p>[vc_row content_width=&#8221;grid&#8221; css=&#8221;.vc_custom_1554739757800{padding-top: 100px !important;padding-bottom: 100px !important;}&#8221;][vc_column]<div class=\"edgtf-elements-holder edgtf-two-columns edgtf-two-columns-50-50 edgtf-responsive-mode-768\" ><div class=\"edgtf-elements-holder-item \" data-item-class=\"edgtf-elements-holder-custom-760181\" >\n\t\t<div class=\"edgtf-elements-holder-item-inner\">\n\t\t<div class=\"edgtf-elements-holder-item-content edgtf-elements-holder-custom-760181\" >\n\t\t\t\n<div class=\"edgtf-section-title edgtf-section-align-left\" style=\"color: #6e92b6\">\n\tB\u00falder planet\t<\/div>[vc_empty_space height=&#8221;4px&#8221;]\n<span class=\"edgtf-section-subtitle \" style=\"text-align:left; color:#6e92b6\">\n\t\tRoc\u00f3dromo Matar\u00f3\t<\/span><div class=\"edgtf-separator-holder clearfix  edgtf-separator-left\">\n\t<div class=\"edgtf-separator\" style=\"border-color: #ffeb00\"><\/div>\n<\/div>\n[vc_empty_space height=&#8221;34px&#8221;][vc_column_text]EL BULDER es una disciplina deportiva de escalada que ser\u00e1 ol\u00edmpica en Tokyo 2020 y consiste en escalar peque\u00f1as alturas, sin necesidad de utilizar material de seguridad como cuerdas y arn\u00e9s.<\/p>\n<p>En nuestro centro de escalada las paredes \u201cescalables\u201d tienen un m\u00e1ximo de 4 metros y la protecci\u00f3n la da una colchoneta dise\u00f1ada para amortiguar cualquier ca\u00edda.<br \/>\n<strong>SEGURIDAD TOTAL.<\/strong>[\/vc_column_text]\t\t<\/div>\n\t<\/div>\n<\/div><div class=\"edgtf-elements-holder-item \" data-item-class=\"edgtf-elements-holder-custom-333969\" >\n\t\t<div class=\"edgtf-elements-holder-item-inner\">\n\t\t<div class=\"edgtf-elements-holder-item-content edgtf-elements-holder-custom-333969\" >\n\t\t\t[vc_single_image image=&#8221;7692&#8243; img_size=&#8221;full&#8221;]\t\t<\/div>\n\t<\/div>\n<\/div><\/div>[\/vc_column][\/vc_row][vc_row content_width=&#8221;grid&#8221; css=&#8221;.vc_custom_1554739731689{padding-top: 50px !important;padding-bottom: 50px !important;}&#8221;][vc_column]\n<div class=\"edgtf-section-title edgtf-section-align-center\" style=\"color: #6e92b6\">\n\t\u00bfQu\u00e9 puedes hacer?\t<\/div>[vc_empty_space height=&#8221;4px&#8221;]<div class=\"edgtf-separator-holder clearfix  edgtf-separator-center\">\n\t<div class=\"edgtf-separator\" style=\"border-color: #ffeb00\"><\/div>\n<\/div>\n[\/vc_column][\/vc_row][vc_row css=&#8221;.vc_custom_1553774838588{padding-top: 20px !important;padding-bottom: 100px !important;}&#8221;][vc_column]<div class=\"edgtf-elements-holder edgtf-three-columns edgtf-responsive-mode-768\" ><div class=\"edgtf-elements-holder-item edgtf-vertical-alignment-top\" data-item-class=\"edgtf-elements-holder-custom-753982\" style=\"background-color: #f2f1f1\">\n\t\t<div class=\"edgtf-elements-holder-item-inner\">\n\t\t<div class=\"edgtf-elements-holder-item-content edgtf-elements-holder-custom-753982\" style=\"padding: 40px 40px 40px 40px\">\n\t\t\t\n<div class=\"edgtf-section-title edgtf-section-align-left\" style=\"color: #6e92b6\">\n\tEscalador\t<\/div>\n<span class=\"edgtf-section-subtitle \" style=\"text-align:left; color:#6e92b6\">\n\t\tSi eres escalador...\t<\/span>[vc_column_text]Puedes venir a DIVERTIRTE probando los bloques que equipamos cada semana, o a ENTRENAR en uno de nuestros grupos.<br \/>\n[\/vc_column_text]\t\t<\/div>\n\t<\/div>\n<\/div><div class=\"edgtf-elements-holder-item edgtf-vertical-alignment-top\" data-item-class=\"edgtf-elements-holder-custom-809212\" style=\"background-color: #f8f8f8\">\n\t\t<div class=\"edgtf-elements-holder-item-inner\">\n\t\t<div class=\"edgtf-elements-holder-item-content edgtf-elements-holder-custom-809212\" style=\"padding: 40px 40px 40px 40px\">\n\t\t\t\n<div class=\"edgtf-section-title edgtf-section-align-left\" style=\"color: #6e92b6\">\n\tPonerte en forma...\t<\/div>\n<span class=\"edgtf-section-subtitle \" style=\"text-align:left; color:#6e92b6\">\n\t\tSi quieres ponerte en forma...\t<\/span>[vc_column_text]Escalar es un deporte muy completo en el que trabajas con tu propio peso. El roc\u00f3dromo esta pensado para que cualquiera, aunque no sea escalador, lo pase en grande, entrene al mismo tiempo y aprenda a escalar.[\/vc_column_text]\t\t<\/div>\n\t<\/div>\n<\/div><div class=\"edgtf-elements-holder-item edgtf-vertical-alignment-top\" data-item-class=\"edgtf-elements-holder-custom-799719\" style=\"background-color: #f2f1f1\">\n\t\t<div class=\"edgtf-elements-holder-item-inner\">\n\t\t<div class=\"edgtf-elements-holder-item-content edgtf-elements-holder-custom-799719\" style=\"padding: 40px 40px 40px 40px\">\n\t\t\t\n<div class=\"edgtf-section-title edgtf-section-align-left\" style=\"color: #6e92b6\">\n\tPeque\u00f1o escalador\t<\/div>\n<span class=\"edgtf-section-subtitle \" style=\"text-align:left; color:#6e92b6\">\n\t\tSi tienes entre 5 a 15 a\u00f1os...\t<\/span>[vc_column_text]Puedes apuntarte a nuestra escuela de escalada, celebrar aqu\u00ed con tus amigos un cumplea\u00f1os diferente o simplemente venir a escalar un d\u00eda con tus padres.<\/p>\n<p>[\/vc_column_text]\t\t<\/div>\n\t<\/div>\n<\/div><\/div>[\/vc_column][\/vc_row][vc_row css=&#8221;.vc_custom_1553596833173{padding-top: 20px !important;padding-bottom: 50px !important;}&#8221;][vc_column]\n<div class=\"edgtf-section-title edgtf-section-align-center\" >\n\tNuestras instalaciones\t<\/div>[vc_empty_space height=&#8221;4px&#8221;]<div class=\"edgtf-separator-holder clearfix  edgtf-separator-center\">\n\t<div class=\"edgtf-separator\" style=\"border-color: #6e92b6\"><\/div>\n<\/div>\n[\/vc_column][\/vc_row][vc_row css=&#8221;.vc_custom_1553858163663{padding-top: 20px !important;padding-bottom: 50px !important;}&#8221;][vc_column]<div class=\"edgtf-linked-boxes edgtf-linked-boxes-col-4\" data-items-no=4>\n\t\t\t<div class=\"edgtf-linked-item\">\n\t\t\t<div class=\"edgtf-linked-item-image-holder\">\n\t\t\t\t<img width=\"476\" height=\"704\" src=\"https:\/\/bulderplanet.com\/valles\/wp-content\/uploads\/2019\/03\/bulderZonaEscalda.png\" class=\"attachment-full size-full\" alt=\"\" loading=\"lazy\" srcset=\"https:\/\/bulderplanet.com\/valles\/wp-content\/uploads\/2019\/03\/bulderZonaEscalda.png 476w, https:\/\/bulderplanet.com\/valles\/wp-content\/uploads\/2019\/03\/bulderZonaEscalda-203x300.png 203w\" sizes=\"(max-width: 476px) 100vw, 476px\" \/>\t\t\t\t\t\t\t<\/div>\t\t\t\n\t\t\t<div class=\"edgtf-linked-item-text\">\n\t\t\t\t\t\t\t\t\n<div class=\"edgtf-section-title edgtf-section-align-left\" >\n\tZona de escalada\t<\/div>\t\t\t<\/div>\n\t\t\t\t\t<\/div>\n\t\t\t<div class=\"edgtf-linked-item\">\n\t\t\t<div class=\"edgtf-linked-item-image-holder\">\n\t\t\t\t<img width=\"476\" height=\"704\" src=\"https:\/\/bulderplanet.com\/valles\/wp-content\/uploads\/2019\/03\/FITNESS.png\" class=\"attachment-full size-full\" alt=\"\" loading=\"lazy\" srcset=\"https:\/\/bulderplanet.com\/valles\/wp-content\/uploads\/2019\/03\/FITNESS.png 476w, https:\/\/bulderplanet.com\/valles\/wp-content\/uploads\/2019\/03\/FITNESS-203x300.png 203w\" sizes=\"(max-width: 476px) 100vw, 476px\" \/>\t\t\t\t\t\t\t<\/div>\t\t\t\n\t\t\t<div class=\"edgtf-linked-item-text\">\n\t\t\t\t\t\t\t\t\n<div class=\"edgtf-section-title edgtf-section-align-left\" >\n\tSala de fitness\t<\/div>\t\t\t<\/div>\n\t\t\t\t\t<\/div>\n\t\t\t<div class=\"edgtf-linked-item\">\n\t\t\t<div class=\"edgtf-linked-item-image-holder\">\n\t\t\t\t<img width=\"476\" height=\"704\" src=\"https:\/\/bulderplanet.com\/valles\/wp-content\/uploads\/2019\/03\/bulderEntrenamiento.png\" class=\"attachment-full size-full\" alt=\"\" loading=\"lazy\" srcset=\"https:\/\/bulderplanet.com\/valles\/wp-content\/uploads\/2019\/03\/bulderEntrenamiento.png 476w, https:\/\/bulderplanet.com\/valles\/wp-content\/uploads\/2019\/03\/bulderEntrenamiento-203x300.png 203w\" sizes=\"(max-width: 476px) 100vw, 476px\" \/>\t\t\t\t\t\t\t<\/div>\t\t\t\n\t\t\t<div class=\"edgtf-linked-item-text\">\n\t\t\t\t\t\t\t\t\n<div class=\"edgtf-section-title edgtf-section-align-left\" >\n\tZona de entrenamiento\t<\/div>\t\t\t<\/div>\n\t\t\t\t\t<\/div>\n\t\t\t<div class=\"edgtf-linked-item\">\n\t\t\t<div class=\"edgtf-linked-item-image-holder\">\n\t\t\t\t<img width=\"476\" height=\"704\" src=\"https:\/\/bulderplanet.com\/valles\/wp-content\/uploads\/2019\/03\/bar.png\" class=\"attachment-full size-full\" alt=\"\" loading=\"lazy\" srcset=\"https:\/\/bulderplanet.com\/valles\/wp-content\/uploads\/2019\/03\/bar.png 476w, https:\/\/bulderplanet.com\/valles\/wp-content\/uploads\/2019\/03\/bar-203x300.png 203w\" sizes=\"(max-width: 476px) 100vw, 476px\" \/>\t\t\t\t\t\t\t<\/div>\t\t\t\n\t\t\t<div class=\"edgtf-linked-item-text\">\n\t\t\t\t\t\t\t\t\n<div class=\"edgtf-section-title edgtf-section-align-left\" >\n\tBar\t<\/div>\t\t\t<\/div>\n\t\t\t\t\t<\/div>\n\t<\/div><div class=\"edgtf-image-gallery\">\n\t<div class=\"edgtf-image-gallery-grid edgtf-gallery-columns-3 edgtf-gallery-no-space clearfix\" >\n\t\t\t\t\t<div class=\"edgtf-gallery-image\">\n\t\t\t\t\t\t\t\t\t\t\t\t\t\t\t<img width=\"476\" height=\"576\" src=\"https:\/\/bulderplanet.com\/valles\/wp-content\/uploads\/2019\/03\/marco.jpg\" class=\"attachment-full size-full\" alt=\"\" loading=\"lazy\" srcset=\"https:\/\/bulderplanet.com\/valles\/wp-content\/uploads\/2019\/03\/marco.jpg 476w, https:\/\/bulderplanet.com\/valles\/wp-content\/uploads\/2019\/03\/marco-248x300.jpg 248w\" sizes=\"(max-width: 476px) 100vw, 476px\" \/>\t\t\t\t\t                    \t\t\t\t\t\t\t\t<\/div>\n\t\t\t\t\t<div class=\"edgtf-gallery-image\">\n\t\t\t\t\t\t\t\t\t\t\t\t\t\t\t<img width=\"476\" height=\"576\" src=\"https:\/\/bulderplanet.com\/valles\/wp-content\/uploads\/2019\/03\/marco-1.jpg\" class=\"attachment-full size-full\" alt=\"\" loading=\"lazy\" srcset=\"https:\/\/bulderplanet.com\/valles\/wp-content\/uploads\/2019\/03\/marco-1.jpg 476w, https:\/\/bulderplanet.com\/valles\/wp-content\/uploads\/2019\/03\/marco-1-248x300.jpg 248w\" sizes=\"(max-width: 476px) 100vw, 476px\" \/>\t\t\t\t\t                    \t\t\t\t\t\t\t\t<\/div>\n\t\t\t\t\t<div class=\"edgtf-gallery-image\">\n\t\t\t\t\t\t\t\t\t\t\t\t\t\t\t<img width=\"476\" height=\"576\" src=\"https:\/\/bulderplanet.com\/valles\/wp-content\/uploads\/2019\/03\/marco-2.jpg\" class=\"attachment-full size-full\" alt=\"\" loading=\"lazy\" srcset=\"https:\/\/bulderplanet.com\/valles\/wp-content\/uploads\/2019\/03\/marco-2.jpg 476w, https:\/\/bulderplanet.com\/valles\/wp-content\/uploads\/2019\/03\/marco-2-248x300.jpg 248w\" sizes=\"(max-width: 476px) 100vw, 476px\" \/>\t\t\t\t\t                    \t\t\t\t\t\t\t\t<\/div>\n\t\t\t<\/div>\n<\/div>[\/vc_column][\/vc_row][vc_row css=&#8221;.vc_custom_1553859736275{padding-right: 40px !important;padding-bottom: 50px !important;padding-left: 40px !important;}&#8221;][vc_column width=&#8221;1\/3&#8243;]\n<span class=\"edgtf-section-subtitle \" style=\"text-align:center\">\n\t\tEquipador jefe\t<\/span>\n<div class=\"edgtf-section-title edgtf-section-align-center\" style=\"color: #6e92b6\">\n\tMarcos Jubes\t<\/div>[vc_empty_space height=&#8221;4px&#8221;][vc_column_text]<\/p>\n<p style=\"text-align: center;\">Campe\u00f3n de Espa\u00f1a de B\u00falder y equipador internacional, supervisa el equipamiento general de la sala y equipa personalmente los bloques m\u00e1s duros.<\/p>\n<p>[\/vc_column_text][\/vc_column][vc_column width=&#8221;1\/3&#8243;]\n<span class=\"edgtf-section-subtitle \" style=\"text-align:center\">\n\t\tEquipador jefe\t<\/span>\n<div class=\"edgtf-section-title edgtf-section-align-center\" style=\"color: #6e92b6\">\n\tMarcos Jubes\t<\/div>[vc_empty_space height=&#8221;4px&#8221;][vc_column_text]<\/p>\n<p style=\"text-align: center;\">Campe\u00f3n de Espa\u00f1a de B\u00falder y equipador internacional, supervisa el equipamiento general de la sala y equipa personalmente los bloques m\u00e1s duros.<\/p>\n<p>[\/vc_column_text][\/vc_column][vc_column width=&#8221;1\/3&#8243;]\n<span class=\"edgtf-section-subtitle \" style=\"text-align:center\">\n\t\tEquipador jefe\t<\/span>\n<div class=\"edgtf-section-title edgtf-section-align-center\" style=\"color: #6e92b6\">\n\tMarcos Jubes\t<\/div>[vc_empty_space height=&#8221;4px&#8221;][vc_column_text]<\/p>\n<p style=\"text-align: center;\">Campe\u00f3n de Espa\u00f1a de B\u00falder y equipador internacional, supervisa el equipamiento general de la sala y equipa personalmente los bloques m\u00e1s duros.<\/p>\n<p>[\/vc_column_text][\/vc_column][\/vc_row]<\/p>\n","protected":false},"excerpt":{"rendered":"<p>[vc_row content_width=&#8221;grid&#8221; css=&#8221;.vc_custom_1554739757800{padding-top: 100px !important;padding-bottom: 100px !important;}&#8221;][vc_column][\/vc_column][\/vc_row][vc_row content_width=&#8221;grid&#8221; css=&#8221;.vc_custom_1554739731689{padding-top: 50px !important;padding-bottom: 50px !important;}&#8221;][vc_column][vc_empty_space height=&#8221;4px&#8221;][\/vc_column][\/vc_row][vc_row css=&#8221;.vc_custom_1553774838588{padding-top: 20px !important;padding-bottom: 100px !important;}&#8221;][vc_column][\/vc_column][\/vc_row][vc_row css=&#8221;.vc_custom_1553596833173{padding-top: 20px !important;padding-bottom: 50px !important;}&#8221;][vc_column][vc_empty_space height=&#8221;4px&#8221;][\/vc_column][\/vc_row][vc_row css=&#8221;.vc_custom_1553858163663{padding-top: 20px !important;padding-bottom: 50px !important;}&#8221;][vc_column][\/vc_column][\/vc_row][vc_row css=&#8221;.vc_custom_1553859736275{padding-right: 40px !important;padding-bottom: 50px !important;padding-left: 40px !important;}&#8221;][vc_column width=&#8221;1\/3&#8243;][vc_empty_space height=&#8221;4px&#8221;][vc_column_text] Campe\u00f3n de Espa\u00f1a de B\u00falder y&#8230;<\/p>\n","protected":false},"author":2,"featured_media":0,"parent":0,"menu_order":0,"comment_status":"closed","ping_status":"closed","template":"full-width.php","meta":[],"yoast_head":"<!-- This site is optimized with the Yoast SEO plugin v15.7 - https:\/\/yoast.com\/wordpress\/plugins\/seo\/ -->\n<title>Tu roc\u00f3dromo en matar\u00f3 - BulderPlanet<\/title>\n<meta name=\"robots\" content=\"index, follow, max-snippet:-1, max-image-preview:large, max-video-preview:-1\" \/>\n<link rel=\"canonical\" href=\"https:\/\/bulderplanet.com\/valles\/bulder\/\" \/>\n<meta property=\"og:locale\" content=\"es_ES\" \/>\n<meta property=\"og:type\" content=\"article\" \/>\n<meta property=\"og:title\" content=\"Tu roc\u00f3dromo en matar\u00f3 - BulderPlanet\" \/>\n<meta property=\"og:description\" content=\"[vc_row content_width=&#8221;grid&#8221; css=&#8221;.vc_custom_1554739757800{padding-top: 100px !important;padding-bottom: 100px !important;}&#8221;][vc_column][\/vc_column][\/vc_row][vc_row content_width=&#8221;grid&#8221; css=&#8221;.vc_custom_1554739731689{padding-top: 50px !important;padding-bottom: 50px !important;}&#8221;][vc_column][vc_empty_space height=&#8221;4px&#8221;][\/vc_column][\/vc_row][vc_row css=&#8221;.vc_custom_1553774838588{padding-top: 20px !important;padding-bottom: 100px !important;}&#8221;][vc_column][\/vc_column][\/vc_row][vc_row css=&#8221;.vc_custom_1553596833173{padding-top: 20px !important;padding-bottom: 50px !important;}&#8221;][vc_column][vc_empty_space height=&#8221;4px&#8221;][\/vc_column][\/vc_row][vc_row css=&#8221;.vc_custom_1553858163663{padding-top: 20px !important;padding-bottom: 50px !important;}&#8221;][vc_column][\/vc_column][\/vc_row][vc_row css=&#8221;.vc_custom_1553859736275{padding-right: 40px !important;padding-bottom: 50px !important;padding-left: 40px !important;}&#8221;][vc_column width=&#8221;1\/3&#8243;][vc_empty_space height=&#8221;4px&#8221;][vc_column_text] Campe\u00f3n de Espa\u00f1a de B\u00falder y...\" \/>\n<meta property=\"og:url\" content=\"https:\/\/bulderplanet.com\/valles\/bulder\/\" \/>\n<meta property=\"og:site_name\" content=\"BulderPlanet\" \/>\n<meta property=\"article:modified_time\" content=\"2019-04-08T16:11:49+00:00\" \/>\n<meta name=\"twitter:card\" content=\"summary_large_image\" \/>\n<meta name=\"twitter:label1\" content=\"Tiempo de lectura\">\n\t<meta name=\"twitter:data1\" content=\"4 minutos\">\n<script type=\"application\/ld+json\" class=\"yoast-schema-graph\">{\"@context\":\"https:\/\/schema.org\",\"@graph\":[{\"@type\":\"WebSite\",\"@id\":\"https:\/\/bulderplanet.com\/valles\/#website\",\"url\":\"https:\/\/bulderplanet.com\/valles\/\",\"name\":\"BulderPlanet\",\"description\":\"Roc\\u00f3dromo Vall\\u00e9s\",\"potentialAction\":[{\"@type\":\"SearchAction\",\"target\":\"https:\/\/bulderplanet.com\/valles\/?s={search_term_string}\",\"query-input\":\"required name=search_term_string\"}],\"inLanguage\":\"es\"},{\"@type\":\"WebPage\",\"@id\":\"https:\/\/bulderplanet.com\/valles\/bulder\/#webpage\",\"url\":\"https:\/\/bulderplanet.com\/valles\/bulder\/\",\"name\":\"Tu roc\\u00f3dromo en matar\\u00f3 - BulderPlanet\",\"isPartOf\":{\"@id\":\"https:\/\/bulderplanet.com\/valles\/#website\"},\"datePublished\":\"2019-03-25T12:28:07+00:00\",\"dateModified\":\"2019-04-08T16:11:49+00:00\",\"inLanguage\":\"es\",\"potentialAction\":[{\"@type\":\"ReadAction\",\"target\":[\"https:\/\/bulderplanet.com\/valles\/bulder\/\"]}]}]}<\/script>\n<!-- \/ Yoast SEO plugin. -->","_links":{"self":[{"href":"https:\/\/bulderplanet.com\/valles\/wp-json\/wp\/v2\/pages\/7689"}],"collection":[{"href":"https:\/\/bulderplanet.com\/valles\/wp-json\/wp\/v2\/pages"}],"about":[{"href":"https:\/\/bulderplanet.com\/valles\/wp-json\/wp\/v2\/types\/page"}],"author":[{"embeddable":true,"href":"https:\/\/bulderplanet.com\/valles\/wp-json\/wp\/v2\/users\/2"}],"replies":[{"embeddable":true,"href":"https:\/\/bulderplanet.com\/valles\/wp-json\/wp\/v2\/comments?post=7689"}],"version-history":[{"count":209,"href":"https:\/\/bulderplanet.com\/valles\/wp-json\/wp\/v2\/pages\/7689\/revisions"}],"predecessor-version":[{"id":8196,"href":"https:\/\/bulderplanet.com\/valles\/wp-json\/wp\/v2\/pages\/7689\/revisions\/8196"}],"wp:attachment":[{"href":"https:\/\/bulderplanet.com\/valles\/wp-json\/wp\/v2\/media?parent=7689"}],"curies":[{"name":"wp","href":"https:\/\/api.w.org\/{rel}","templated":true}]}}